{"id":95,"date":"2022-06-01T12:08:16","date_gmt":"2022-06-01T17:08:16","guid":{"rendered":"https:\/\/unacem.com.ec\/integridad\/?post_type=sistemas_de_integrid&#038;p=95"},"modified":"2025-07-01T13:25:28","modified_gmt":"2025-07-01T18:25:28","slug":"politica-de-prevencion-y-erradicacion-de-la-discriminacion-y-el-acoso-laboral","status":"publish","type":"sistemas_de_integrid","link":"https:\/\/unacem.com.ec\/integridad\/sistemas-de-integrid\/politica-de-prevencion-y-erradicacion-de-la-discriminacion-y-el-acoso-laboral\/","title":{"rendered":"POL\u00cdTICA DE PREVENCI\u00d3N Y ERRADICACI\u00d3N DE LA DISCRIMINACI\u00d3N Y EL ACOSO LABORAL"},"template":"","class_list":["post-95","sistemas_de_integrid","type-sistemas_de_integrid","status-publish","hentry"],"_links":{"self":[{"href":"https:\/\/unacem.com.ec\/integridad\/wp-json\/wp\/v2\/sistemas_de_integrid\/95","targetHints":{"allow":["GET"]}}],"collection":[{"href":"https:\/\/unacem.com.ec\/integridad\/wp-json\/wp\/v2\/sistemas_de_integrid"}],"about":[{"href":"https:\/\/unacem.com.ec\/integridad\/wp-json\/wp\/v2\/types\/sistemas_de_integrid"}],"wp:attachment":[{"href":"https:\/\/unacem.com.ec\/integridad\/wp-json\/wp\/v2\/media?parent=95"}],"curies":[{"name":"wp","href":"https:\/\/api.w.org\/{rel}","templated":true}]}}

POLÍTICA DE PREVENCIÓN Y ERRADICACIÓN DE LA DISCRIMINACIÓN Y EL ACOSO LABORAL
